s digit of 22589?
2
What is the units digit of 73496?
6
What is the tens digit of 4683?
8
What is the tens digit of 10217?
1
What is the thousands digit of 2065?
2
What is the tens digit of 21212?
1
What is the hundreds digit of 5300?
3
What is the hundreds digit of 1013?
0
What is the tens digit of 37157?
5
What is the tens digit of 5837?
3
What is the tens digit of 35309?
0
What is the tens digit of 885?
8
What is the ten thousands digit of 64201?
6
What is the ten thousands digit of 84230?
8
What is the hundreds digit of 62708?
7
What is the thousands digit of 9494?
9
What is the hundreds digit of 26901?
9
What is the hundreds digit of 1150?
1
What is the units digit of 936?
6
What is the tens digit of 91139?
3
What is the units digit of 3217?
7
What is the tens digit of 93725?
2
What is the units digit of 2456?
6
What is the units digit of 1090?
0
What is the units digit of 448?
8
What is the units digit of 121?
1
What is the units digit of 5481?
1
What is the thousands digit of 6234?
6
What is the tens digit of 10330?
3
What is the ten thousands digit of 24010?
2
What is the thousands digit of 4345?
4
What is the tens digit of 361?
6
What is the units digit of 25455?
5
What is the tens digit of 3811?
1
What is the thousands digit of 85968?
5
What is the units digit of 9363?
3
What is the hundreds digit of 1403?
4
What is the units digit of 128150?
0
What is the units digit of 99?
9
What is the ten thousands digit of 24158?
2
What is the units digit of 999?
9
What is the hundreds digit of 420?
4
What is the ten thousands digit of 30596?
3
What is the hundreds digit of 3777?
7
What is the tens digit of 3622?
2
What is the tens digit of 18908?
0
What is the units digit of 1048?
8
What is the thousands digit of 3252?
3
What is the units digit of 20392?
2
What is the ten thousands digit of 11424?
1
What is the units digit of 2536?
6
What is the thousands digit of 34812?
4
What is the tens digit of 1826?
2
What is the thousands digit of 8210?
8
What is the thousands digit of 1027?
1
What is the hundreds digit of 1151?
1
What is the units digit of 522?
2
What is the thousands digit of 17360?
7
What is the units digit of 6837?
7
What is the thousands digit of 37826?
7
What is the thousands digit of 1154?
1
What is the hundreds digit of 2386?
3
What is the units digit of 11309?
9
What is the units digit of 3377?
7
What is the thousands digit of 36515?
6
What is the units digit of 3107?
7
What is the hundreds digit of 118736?
7
What is the tens digit of 827?
2
What is the tens digit of 7946?
4
What is the hundreds digit of 1673?
6
What is the tens digit of 16990?
9
What is the tens digit of 2494?
9
What is the units digit of 2311?
1
What is the units digit of 15986?
6
What is the thousands digit of 2007?
2
What is the tens digit of 6054?
5
What is the hundreds digit of 22610?
6
What is the thousands digit of 10125?
0
What is the thousands digit of 35484?
5
What is the thousands digit of 10487?
0
What is the hundreds digit of 7353?
3
What is the hundreds digit of 1095?
0
What is the thousands digit of 7084?
7
What is the thousands digit of 6284?
6
What is the tens digit of 10976?
7
What is the thousands digit of 8211?
8
What is the hundreds digit of 10481?
4
What is the units digit of 535?
5
What is the thousands digit of 1280?
1
What is the tens digit of 1386?
8
What is the units digit of 614?
4
What is the ten thousands digit of 11465?
1
What is the tens digit of 26287?
8
What is the tens digit of 11233?
3
What is the thousands digit of 9777?
9
What is the units digit of 790?
0
What is the tens digit of 1230?
3
What is the thousands digit of 1137?
1
What is the thousands digit of 3854?
3
What is the units digit of 1844?
4
What is the hundreds digit of 1549?
5
What is the hundreds digit of 5605?
6
What is the hundreds digit of 1732?
7
What is the units digit of 11507?
7
What is the tens digit of 11839?
3
What is the units digit of 2237?
7
What is the tens digit of 130935?
3
What is the ten thousands digit of 24603?
2
What is the units digit of 29016?
6
What is the tens digit of 364?
6
What is the ten thousands digit of 64489?
6
What is the hundreds digit of 3317?
3
What is the units digit of 2424?
4
What is the hundreds digit of 10698?
6
What is the tens digit of 6996?
9
What is the units digit of 4643?
3
What is the tens digit of 2729?
2
What is the hundreds digit of 68689?
6
What is the ten thousands digit of 45922?
4
What is the tens digit of 20990?
9
What is the units digit of 132514?
4
What is the hundreds digit of 28576?
5
What is the units digit of 39249?
9
What is the units digit of 186?
6
What is the units digit of 82780?
0
What is the tens digit of 4322?
2
What is the hundreds digit of 7438?
4
What is the thousands digit of 71944?
1
What is the ten thousands digit of 18856?
1
What is the hundreds digit of 49906?
9
What is the tens digit of 41503?
0
What is the hundreds digit of 941?
9
What is the thousands digit of 1431?
1
What is the ten thousands digit of 106052?
0
What is the thousands digit of 51768?
1
What is the thousands digit of 2010?
2
What is the units digit of 38604?
4
What is the tens digit of 171?
7
What is the units digit of 11655?
5
What is the ten thousands digit of 12303?
1
What is the tens digit of 65081?
8
What is the hundreds digit of 8485?
4
What is the thousands digit of 11057?
1
What is the tens digit of 13411?
1
What is the ten thousands digit of 22256?
2
What is the tens digit of 7120?
2
What is the tens digit of 28132?
3
What is the units digit of 3752?
2
What is the tens digit of 78757?
5
What is the thousands digit of 131954?
1
What is the units digit of 1062?
2
What is the hundreds digit of 5214?
2
What is the tens digit of 118651?
5
What is the tens digit of 34719?
1
What is the tens digit of 143690?
9
What is the tens digit of 2985?
8
What is the units digit of 2407?
7
What is the tens digit of 3627?
2
What is the ten thousands digit of 24017?
2
What is the thousands digit of 130350?
0
What is the ten thousands digit of 22966?
2
What is the units digit of 8162?
2
What is the hundreds digit of 24803?
8
What is the thousands digit of 1933?
1
What is the hundreds digit of 3135?
1
What is the thousands digit of 71969?
1
What is the units digit of 6277?
7
What is the hundreds digit of 6104?
1
What is the hundreds digit of 19415?
4
What is the units digit of 17382?
2
What is the units digit of 721?
1
What is the hundred thousands digit of 107490?
1
What is the tens digit of 1218?
1
What is the thousands digit of 2967?
2
What is the ten thousands digit of 64525?
6
What is the thousands digit of 160691?
0
What is the units digit of 204632?
2
What is the units digit of 3111?
1
What is the ten thousands digit of 29576?
2
What is the units digit of 131?
1
What is the thousands digit of 60630?
0
What is the hundreds digit of 1035?
0
What is the units digit of 3288?
8
What is the units digit of 1487?
7
What is the units digit of 836?
6
What is the tens digit of 60931?
3
What is the units digit of 5968?
8
What is the ten thousands digit of 57616?
5
What is the hundred thousands digit of 119497?
1
What is the units digit of 342?
2
What is the tens digit of 86714?
1
What is the thousands digit of 41563?
1
What is the units digit of 5728?
8
What is the hundreds digit of 27575?
5
What is the units digit of 6311?
1
What is the tens digit of 5581?
8
What is the hundreds digit of 158288?
2
What is the units digit of 17249?
9
What is the tens digit of 18124?
2
What is the units digit of 1068?
8
What is the hundreds digit of 43328?
3
What is the tens digit of 719?
1
What is the tens digit of 6521?
2
What is the thousands digit of 1028?
1
What is the tens digit of 3514?
1
What is the units digit of 80697?
7
What is the ten thousands digit of 85526?
8
What is the thousands digit of 3222?
3
What is the thousands digit of 44954?
4
What is the hundreds digit of 826?
8
What is the thousands digit of 2078?
2
What is the thousands digit of 30149?
0
What is the hundreds digit of 23722?
7
What is the units digit of 16863?
3
What is the tens digit of 2216?
1
What is the tens digit of 14896?
9
What is the ten thousands digit of 51131?
5
What is the tens digit of 599?
9
What is the hundreds digit of 634?
6
What is the ten thousands digit 